 the remainder when 294 is divided by 60?
54
What is the remainder when 16 is divided by 8?
0
What is the remainder when 459 is divided by 92?
91
Calculate the remainder when 218 is divided by 214.
4
What is the remainder when 3794 is divided by 32?
18
Calculate the remainder when 163 is divided by 82.
81
Calculate the remainder when 112 is divided by 95.
17
What is the remainder when 56 is divided by 15?
11
Calculate the remainder when 12484 is divided by 4158.
10
Calculate the remainder when 389 is divided by 119.
32
What is the remainder when 19735 is divided by 9?
7
Calculate the remainder when 675 is divided by 26.
25
Calculate the remainder when 626 is divided by 136.
82
What is the remainder when 1568 is divided by 38?
10
What is the remainder when 289 is divided by 49?
44
What is the remainder when 277 is divided by 48?
37
Calculate the remainder when 824 is divided by 55.
54
Calculate the remainder when 89 is divided by 45.
44
What is the remainder when 572 is divided by 82?
80
What is the remainder when 148 is divided by 15?
13
Calculate the remainder when 1198 is divided by 16.
14
What is the remainder when 190 is divided by 96?
94
Calculate the remainder when 2673 is divided by 533.
8
Calculate the remainder when 320 is divided by 14.
12
What is the remainder when 195 is divided by 132?
63
Calculate the remainder when 208 is divided by 6.
4
Calculate the remainder when 773 is divided by 43.
42
What is the remainder when 181 is divided by 92?
89
Calculate the remainder when 10 is divided by 7.
3
Calculate the remainder when 893 is divided by 100.
93
Calculate the remainder when 299 is divided by 12.
11
What is the remainder when 14 is divided by 8?
6
Calculate the remainder when 1687 is divided by 168.
7
Calculate the remainder when 734 is divided by 18.
14
What is the remainder when 6957 is divided by 71?
70
Calculate the remainder when 241 is divided by 62.
55
What is the remainder when 91 is divided by 27?
10
Calculate the remainder when 162 is divided by 33.
30
Calculate the remainder when 125 is divided by 21.
20
Calculate the remainder when 213 is divided by 30.
3
What is the remainder when 1013 is divided by 39?
38
Calculate the remainder when 382 is divided by 96.
94
What is the remainder when 5458 is divided by 78?
76
What is the remainder when 47 is divided by 7?
5
What is the remainder when 1497 is divided by 192?
153
Calculate the remainder when 2671 is divided by 20.
11
What is the remainder when 304 is divided by 77?
73
Calculate the remainder when 2395 is divided by 58.
17
Calculate the remainder when 337 is divided by 329.
8
What is the remainder when 284 is divided by 17?
12
Calculate the remainder when 43 is divided by 8.
3
What is the remainder when 628 is divided by 18?
16
What is the remainder when 157 is divided by 148?
9
Calculate the remainder when 92 is divided by 24.
20
Calculate the remainder when 2962 is divided by 12.
10
Calculate the remainder when 588 is divided by 55.
38
What is the remainder when 1001 is divided by 11?
0
Calculate the remainder when 2678 is divided by 6.
2
What is the remainder when 5665 is divided by 21?
16
Calculate the remainder when 292 is divided by 50.
42
Calculate the remainder when 25897 is divided by 350.
347
Calculate the remainder when 1581 is divided by 53.
44
Calculate the remainder when 4384 is divided by 8.
0
What is the remainder when 1004 is divided by 188?
64
What is the remainder when 442 is divided by 90?
82
What is the remainder when 104 is divided by 56?
48
What is the remainder when 180 is divided by 124?
56
What is the remainder when 1507 is divided by 24?
19
Calculate the remainder when 180 is divided by 55.
15
Calculate the remainder when 48 is divided by 10.
8
Calculate the remainder when 247 is divided by 27.
4
What is the remainder when 631 is divided by 122?
21
Calculate the remainder when 4542 is divided by 16.
14
Calculate the remainder when 10877 is divided by 136.
133
What is the remainder when 360 is divided by 42?
24
Calculate the remainder when 2117 is divided by 19.
8
Calculate the remainder when 3463 is divided by 12.
7
Calculate the remainder when 1903 is divided by 68.
67
Calculate the remainder when 441 is divided by 33.
12
What is the remainder when 213 is divided by 8?
5
Calculate the remainder when 235 is divided by 61.
52
What is the remainder when 648 is divided by 3?
0
Calculate the remainder when 56 is divided by 28.
0
What is the remainder when 82 is divided by 21?
19
Calculate the remainder when 239 is divided by 30.
29
What is the remainder when 12026 is divided by 63?
56
What is the remainder when 1135 is divided by 76?
71
What is the remainder when 79 is divided by 20?
19
What is the remainder when 139 is divided by 67?
5
What is the remainder when 222 is divided by 25?
22
What is the remainder when 1559 is divided by 52?
51
Calculate the remainder when 54 is divided by 4.
2
Calculate the remainder when 319 is divided by 20.
19
What is the remainder when 198 is divided by 81?
36
What is the remainder when 82 is divided by 13?
4
Calculate the remainder when 33 is divided by 13.
7
What is the remainder when 346 is divided by 40?
26
Calculate the remainder when 186 is divided by 25.
11
What is the remainder when 264 is divided by 56?
40
What is the remainder when 859 is divided by 54?
49
Calculate the remainder when 2910 is divided by 56.
54
What is the remainder when 418 is divided by 7?
5
What is the remainder when 233 is divided by 36?
17
Calculate the remainder when 118 is divided by 22.
8
What is the remainder when 753 is divided by 32?
17
Calculate the remainder when 79 is divided by 8.
7
Calculate the remainder when 246 is divided by 19.
18
What is the remainder when 35 is divided by 10?
5
What is the remainder when 586 is divided by 164?
94
Calculate the remainder when 145 is divided by 37.
34
What is the remainder when 509 is divided by 341?
168
Calculate the remainder when 6577 is divided by 2187.
16
Calculate the remainder when 2178 is divided by 10.
8
Calculate the remainder when 124 is divided by 21.
19
What is the remainder when 1014 is divided by 20?
14
What is the remainder when 67 is divided by 38?
29
Calculate the remainder when 460 is divided by 21.
19
Calculate the remainder when 530 is divided by 56.
26
What is the remainder when 182 is divided by 93?
89
What is the remainder when 3227 is divided by 79?
67
Calculate the remainder when 5926 is divided by 121.
118
What is the remainder when 2680 is divided by 1330?
20
Calculate the remainder when 329 is divided by 33.
32
What is the remainder when 4182 is divided by 45?
42
What is the remainder when 497 is divided by 83?
82
What is the remainder when 13 is divided by 9?
4
Calculate the remainder when 509 is divided by 8.
5
What is the remainder when 153 is divided by 61?
31
Calculate the remainder when 183 is divided by 171.
12
Calculate the remainder when 465 is divided by 226.
13
What is the remainder when 728 is divided by 207?
107
What is the remainder when 927 is divided by 271?
114
What is the remainder when 1651 is divided by 25?
1
Calculate the remainder when 2121 is divided by 34.
13
What is the remainder when 457 is divided by 6?
1
Calculate the remainder when 941 is divided by 35.
31
Calculate the remainder when 1090 is divided by 137.
131
What is the remainder when 43834 is divided by 59?
56
Calculate the remainder when 6598 is divided by 275.
273
Calculate the remainder when 623 is divided by 171.
110
What is the remainder when 97 is divided by 25?
22
Calculate the remainder when 2773 is divided by 25.
23
What is the remainder when 597 is divided by 588?
9
Calculate the remainder when 673 is divided by 45.
43
What is the remainder when 80 is divided by 17?
12
Calculate the remainder when 4640 is divided by 72.
32
Calculate the remainder when 240 is divided by 64.
48
What is the remainder when 985 is divided by 11?
6
What is the remainder when 222 is divided by 7?
5
Calculate the remainder when 308 is divided by 19.
4
What is the remainder when 148 is divided by 75?
73
What is the remainder when 1050 is divided by 345?
15
Calculate the remainder when 893 is divided by 16.
13
Calculate the remainder when 259 is divided by 55.
39
What is the remainde